of 133?
False
Is 598796252 a multiple of 4?
True
Is 166 a factor of 23361834?
False
Is 47 a factor of 11509909?
False
Is 226 a factor of 1414836763?
False
Does 48 divide 137672781?
False
Does 147 divide 147530069?
False
Is 147599064 a multiple of 318?
True
Does 65 divide 1443753740?
True
Is 122266683 a multiple of 63?
True
Does 191 divide 7170904?
True
Is 99826690 a multiple of 5?
True
Is 125 a factor of 44788125?
True
Is 33339984 a multiple of 114?
True
Is 1890354701 a multiple of 10?
False
Is 535261188 a multiple of 66?
True
Does 221 divide 226438895?
False
Does 295 divide 300242060?
False
Does 822 divide 461003904?
True
Is 274155885 a multiple of 10?
False
Does 633 divide 23945124?
True
Is 763 a factor of 1386531191?
False
Does 7 divide 15458423?
False
Is 5479936 a multiple of 256?
True
Is 26 a factor of 39544544?
True
Is 183 a factor of 1221432?
False
Is 609 a factor of 5252332?
False
Does 10 divide 5644330?
True
Does 995 divide 954071883?
False
Is 49 a factor of 190401603?
True
Is 252 a factor of 3121868?
False
Is 112090044 a multiple of 627?
True
Is 742 a factor of 13808759?
False
Does 2991 divide 45451236?
True
Does 188 divide 3729920?
True
Is 144 a factor of 1523216215?
False
Does 15 divide 525052080?
True
Does 7 divide 67198750?
False
Does 21 divide 1534211952?
True
Is 81 a factor of 74611287?
True
Does 34 divide 1000604496?
True
Is 223 a factor of 3387645051?
False
Is 12 a factor of 38471760?
True
Is 73136969 a multiple of 1764?
False
Does 131 divide 1784330?
False
Is 249 a factor of 241797259?
False
Does 547 divide 968108497?
True
Does 101 divide 5528134?
True
Does 73 divide 28761789?
False
Is 258 a factor of 14689565?
False
Is 2591183843 a multiple of 524?
False
Is 1808 a factor of 647719616?
True
Is 159959563 a multiple of 29?
True
Is 89063165 a multiple of 733?
True
Does 127 divide 32907928?
False
Is 1681866444 a multiple of 6?
True
Does 37 divide 1749849585?
False
Is 126251864 a multiple of 67?
False
Is 183712608 a multiple of 288?
True
Does 469 divide 197523703?
False
Is 223 a factor of 83787344?
True
Does 31 divide 328287994?
False
Is 15 a factor of 69031815?
True
Does 818 divide 90646670?
True
Does 123 divide 863028024?
True
Is 1017893250 a multiple of 375?
True
Is 54 a factor of 707012550?
True
Does 847 divide 30499623?
True
Is 18 a factor of 27290791?
False
Does 539 divide 38027528?
True
Is 6454229793 a multiple of 33?
True
Is 440446067 a multiple of 823?
False
Is 89549040 a multiple of 40?
True
Is 869 a factor of 396965194?
False
Is 19749264 a multiple of 28?
False
Does 608 divide 3388884001?
False
Is 6313440 a multiple of 1561?
False
Is 18 a factor of 98454492?
True
Is 146433457 a multiple of 38?
False
Is 21 a factor of 833294?
False
Is 1813 a factor of 94247020?
False
Is 217 a factor of 1713536377?
True
Is 32517822 a multiple of 237?
True
Does 78 divide 59662356?
True
Is 360089260 a multiple of 10?
True
Is 2108149625 a multiple of 54?
False
Is 4662 a factor of 174298194?
True
Is 7 a factor of 30752157?
False
Is 204 a factor of 81523296?
True
Is 3031886 a multiple of 9?
False
Does 63 divide 73107035?
False
Is 1107025323 a multiple of 17?
False
Does 2 divide 129064?
True
Is 317769309 a multiple of 9?
True
Does 19 divide 180860278?
True
Is 76424700 a multiple of 165?
True
Does 5756 divide 1943524235?
False
Is 135 a factor of 25912305?
True
Is 9245008 a multiple of 5576?
True
Is 23760846 a multiple of 6?
True
Does 721 divide 2181750326?
True
Is 156 a factor of 61418955?
False
Does 97 divide 42980506?
True
Is 1656320 a multiple of 10?
True
Is 29 a factor of 488126376?
True
Is 38610008 a multiple of 12?
False
Does 137 divide 48695006?
True
Is 548335757 a multiple of 2383?
False
Is 583 a factor of 228563401?
True
Is 68581629 a multiple of 53?
True
Is 1469 a factor of 8703825?
True
Is 3583 a factor of 550886436?
False
Is 39356233 a multiple of 5?
False
Does 87 divide 261895665?
True
Is 61391318 a multiple of 841?
True
Does 6 divide 59627220?
True
Is 5027208 a multiple of 87?
True
Is 81056448 a multiple of 3?
True
Does 13 divide 36353018?
True
Is 5 a factor of 2245991?
False
Does 340 divide 223393600?
True
Is 1880 a multiple of 10?
True
Is 4894 a factor of 606787484?
True
Does 691 divide 573179909?
False
Does 7624 divide 2928393847?
False
Does 2 divide 90881414?
True
Is 1630074 a multiple of 2?
True
Does 106 divide 2249283?
False
Is 37 a factor of 14486553?
False
Does 27 divide 626955350?
False
Is 66897930 a multiple of 30?
True
Does 3694 divide 151163754?
False
Is 286 a factor of 724412622?
False
Is 19752300 a multiple of 450?
True
Does 31 divide 17074291?
False
Does 3 divide 113608368?
True
Is 1293 a factor of 2654945346?
True
Is 790877205 a multiple of 992?
False
Does 10 divide 275634?
False
Does 274 divide 5798114?
True
Does 84 divide 33254738?
False
Is 676 a factor of 504648973?
False
Does 10 divide 27920896?
False
Is 72 a factor of 132686928?
True
Is 334 a factor of 57270980?
True
Is 7 a factor of 9871320?
False
Is 3009064884 a multiple of 21?
True
Is 775 a factor of 275507075?
True
Is 4477 a factor of 504795181?
True
Is 17 a factor of 13624939?
True
Is 11032758 a multiple of 22?
True
Is 553486 a multiple of 252?
False
Does 154 divide 241602742?
False
Is 60 a factor of 36722882?
False
Does 15 divide 20096415?
True
Does 747 divide 782728263?
True
Is 586266420 a multiple of 2635?
True
Is 42 a factor of 65604462?
True
Is 12 a factor of 67978200?
True
Does 6 divide 227832043?
False
Is 189930168 a multiple of 9?
True
Is 4 a factor of 34815731?
False
Is 14 a factor of 119309959?
False
Is 271459072 a multiple of 16?
True
Does 50 divide 177115100?
True
Is 20 a factor of 68080681?
False
Does 497 divide 206756970?
True
Is 718 a factor of 28545076?
False
Does 10 divide 12476723?
False
Is 120278315 a multiple of 351?
False
Is 380 a factor of 79204920?
True
Is 204753568 a multiple of 16?
True
Is 268205692 a multiple of 4493?
False
Is 43869449 a multiple of 179?
False
Does 251 divide 177959?
True
Does 562 divide 1731908094?
True
Does 329 divide 46547466?
False
Is 1192110751 a multiple of 3595?
False
Is 47475850 a multiple of 86?
False
Is 20151460 a multiple of 9?
False
Is 131847100 a multiple of 77?
True
Is 168601448 a multiple of 33?
False
Does 897 divide 6445842?
True
Does 601 divide 750511?
False
Does 73 divide 18539226?
True
Is 72 a factor of 1652726489?
False
Is 27 a factor of 25508318?
False
Does 594 divide 965757870?
True
Is 21891598 a multiple of 639?
False
Does 1877 divide 166202719?
True
Is 57 a factor of 40438137?
True
Does 43 divide 2423002399?
True
Does 14 divide 7025656?
False
Is 175347480 a multiple of 140?
True
Is 3064855006 a multiple of 499?
True
Does 1676 divide 1863712?
True
Does 30 divide 1222963350?
True
Is 24161400 a multiple of 1395?
True
Does 1022 divide 7980444?
False
Does 430 divide 696081678?
False
Does 528 divide 108088538?
False
Is 190197542 a multiple of 86?
False
Does 9 divide 6694487?
False
Is 4729973818 a multiple of 215?
False
Is 119971445 a multiple of 671?
True
Is 585500100 a multiple of 62?
True
Does 72 divide 33016680?
True
Is 41 a factor of 4169208?
True
Is 2272937380 a multiple of 370?
True
Does 9 divide 73602648?
True
Is 4594375 a multiple of 25?
True
Is 106591391 a multiple of 644?
False
Is 13 a factor of 11444524?
True
Is 2611 a factor of 62844159?
True
Is 209 a factor of 28680680?
False
Does 18 divide 397803924?
True
Does 1012 divide 77567948?
False
Is 8 a factor of 20291084?
False
Does 771 divide 285232232?
False
Does 523 divide 147793653?
False
Does 244 divide 1723128?
True
Does 2578 divide 254838145?
False
Is 7 a factor of 61002739?
True
Is 687 a factor of 31521621?
True
Is 659 a factor of 193916681?
True
Is 34 a factor of 8993683?
False
Does 6 divide 149056390?
False
Is 7 a factor of 44234771?
True
Does 17 divide 6859279?
True
Is 1324235290 a multiple of 35?
True
Does 1945 divide 68607930?
True
Is 426 a factor of 16265657?
False
Does 11835 divide 4018420395?
True
Does 15 divide 63040905?
True
Is 30271417 a multiple of 139?
False
Is 4744417464 a multiple of 610?
False
Does 282 divide 14108475?
False
Is 857378395 a multiple of 396?
False
Does 41 divide 11812838?
True
Is 683 a factor of 8830055?
False
Is 32886294 a multiple of 2733?
False
Does 2069 divide 157705387?
True
Does 36 divide 2